{"id":2760,"date":"2026-05-14T15:47:20","date_gmt":"2026-05-14T12:47:20","guid":{"rendered":"https:\/\/www.liceulmiroslava.ro\/?page_id=2760"},"modified":"2026-05-14T15:57:13","modified_gmt":"2026-05-14T12:57:13","slug":"inscrieri","status":"publish","type":"page","link":"https:\/\/www.liceulmiroslava.ro\/?page_id=2760","title":{"rendered":"\u00censcrieri"},"content":{"rendered":"\n<p class=\"has-large-font-size\"><a href=\"https:\/\/www.liceulmiroslava.ro\/?page_id=2763\"><strong>\u00censcrieri gr\u0103dini\u021b\u0103<\/strong><\/a><\/p>\n\n\n\n<p class=\"has-large-font-size\"><a href=\"https:\/\/www.liceulmiroslava.ro\/?page_id=1230\"><strong>\u00censcrieri clasa preg\u0103titoare<\/strong><\/a><\/p>\n\n\n\n<p><\/p>\n<!-- AddThis Advanced Settings generic via filter on the_content --><!-- AddThis Share Buttons generic via filter on the_content -->","protected":false},"excerpt":{"rendered":"<p>\u00censcrieri gr\u0103dini\u021b\u0103 \u00censcrieri clasa preg\u0103titoare<!-- AddThis Advanced Settings generic via filter on get_the_excerpt --><!-- AddThis Share Buttons generic via filter on get_the_excerpt --><\/p>\n","protected":false},"author":1,"featured_media":0,"parent":0,"menu_order":0,"comment_status":"closed","ping_status":"closed","template":"","meta":{"footnotes":""},"class_list":["post-2760","page","type-page","status-publish","hentry"],"_links":{"self":[{"href":"https:\/\/www.liceulmiroslava.ro\/index.php?rest_route=\/wp\/v2\/pages\/2760","targetHints":{"allow":["GET"]}}],"collection":[{"href":"https:\/\/www.liceulmiroslava.ro\/index.php?rest_route=\/wp\/v2\/pages"}],"about":[{"href":"https:\/\/www.liceulmiroslava.ro\/index.php?rest_route=\/wp\/v2\/types\/page"}],"author":[{"embeddable":true,"href":"https:\/\/www.liceulmiroslava.ro\/index.php?rest_route=\/wp\/v2\/users\/1"}],"replies":[{"embeddable":true,"href":"https:\/\/www.liceulmiroslava.ro\/index.php?rest_route=%2Fwp%2Fv2%2Fcomments&post=2760"}],"version-history":[{"count":3,"href":"https:\/\/www.liceulmiroslava.ro\/index.php?rest_route=\/wp\/v2\/pages\/2760\/revisions"}],"predecessor-version":[{"id":2769,"href":"https:\/\/www.liceulmiroslava.ro\/index.php?rest_route=\/wp\/v2\/pages\/2760\/revisions\/2769"}],"wp:attachment":[{"href":"https:\/\/www.liceulmiroslava.ro\/index.php?rest_route=%2Fwp%2Fv2%2Fmedia&parent=2760"}],"curies":[{"name":"wp","href":"https:\/\/api.w.org\/{rel}","templated":true}]}}